t 102200000 (base 3) to base 15.
27c0
-1101012 (base 3) to base 5
-13004
Convert 66 (base 7) to base 13.
39
Convert f4 (base 16) to base 7.
466
1d00 (base 15) to base 14
2420
-1d5 (base 15) to base 9
-522
Convert 100111110100 (base 2) to base 12.
1584
Convert -2135 (base 12) to base 11.
-2810
Convert -450f (base 16) to base 10.
-17679
What is -20c (base 13) in base 16?
-15e
Convert -116 (base 14) to base 6.
-1000
Convert 9478 (base 10) to base 6.
111514
Convert -20002002 (base 3) to base 6.
-32302
2539 (base 10) to base 14
cd5
What is -1190 (base 15) in base 9?
-5110
4001 (base 6) to base 5
11430
Convert 6c7 (base 13) to base 4.
102121
-1673 (base 8) to base 7
-2533
-26a4 (base 15) to base 14
-3018
Convert -1100000100111 (base 2) to base 14.
-2379
-1000101011 (base 2) to base 16
-22b
What is -2424 (base 7) in base 6?
-4100
471 (base 14) to base 13
52c
What is -661 (base 8) in base 11?
-364
What is 3104420 (base 5) in base 13?
1a061
347 (base 10) to base 11
296
-534 (base 7) to base 12
-1a6
Convert -145016 (base 8) to base 10.
-51726
3111 (base 5) to base 13
253
What is 357 (base 9) in base 8?
447
What is -1020 (base 15) in base 11?
-2616
-48b5 (base 14) to base 10
-12703
-21330 (base 4) to base 8
-1174
-244043 (base 5) to base 16
-2439
Convert 102013 (base 6) to base 8.
20031
8273 (base 9) to base 4
1132230
516 (base 7) to base 15
123
Convert 16552 (base 8) to base 5.
220110
3d4e (base 16) to base 14
5a10
-1001211121 (base 3) to base 11
-14881
Convert 379 (base 13) to base 6.
2451
652a (base 13) to base 10
14063
What is 4d06 (base 14) in base 10?
13530
7d2 (base 16) to base 3
2202011
Convert -5052 (base 7) to base 12.
-1020
-3955 (base 15) to base 14
-4658
Convert 243 (base 15) to base 10.
513
Convert 462 (base 10) to base 7.
1230
-40623 (base 7) to base 3
-111121020
-596 (base 16) to base 8
-2626
Convert -3385 (base 9) to base 6.
-15335
13b (base 15) to base 2
100011001
8426 (base 13) to base 8
43554
Convert -262 (base 9) to base 13.
-13a
Convert -42b (base 12) to base 10.
-611
Convert -939 (base 12) to base 8.
-2475
What is -201012202 (base 3) in base 13?
-64b5
What is -40 (base 5) in base 8?
-24
What is -1000 (base 2) in base 15?
-8
490 (base 10) to base 13
2b9
What is -10000001000 (base 2) in base 13?
-615
101221 (base 3) to base 14
171
-6a1 (base 13) to base 6
-5145
What is -3213 (base 7) in base 16?
-471
What is 130 (base 12) in base 6?
500
Convert -1205 (base 6) to base 9.
-355
-6c0 (base 13) to base 5
-14140
What is 48a9 (base 16) in base 2?
100100010101001
Convert -1123 (base 7) to base 6.
-1521
What is 227c (base 15) in base 4?
1302111
What is 170cb (base 13) in base 15?
d107
3283 (base 16) to base 13
5b69
What is 179 (base 10) in base 9?
218
Convert -4620 (base 8) to base 4.
-212100
What is a668 (base 15) in base 11?
24499
Convert -1352 (base 6) to base 13.
-215
2b01 (base 12) to base 7
20461
Convert 24431 (base 6) to base 12.
2117
Convert 66 (base 13) to base 2.
1010100
-3483 (base 16) to base 9
-20386
What is -11211 (base 4) in base 11?
-2a5
What is -16c68 (base 14) in base 15?
-11eb9
-147 (base 12) to base 15
-d4
Convert -118 (base 11) to base 9.
-165
What is -25626 (base 8) in base 12?
-655a
What is -28663 (base 9) in base 6?
-230133
What is 4311 (base 5) in base 4?
21011
Convert 9881 (base 15) to base 2.
111111000101000
What is -4812 (base 10) in base 12?
-2950
Convert 2a58 (base 13) to base 3.
22110001
111011001011 (base 2) to base 3
12012021
Convert 245043 (base 7) to base 5.
2414324
What is -1111100010 (base 2) in base 7?
-2620
What is 5346 (base 7) in base 6?
12440
Convert -1392b (base 12) to base 7.
-142310
What is 4313 (base 5) in base 6?
2411
Convert -193b (base 15) to base 9.
-7432
Convert -a16 (base 11) to base 13.
-735
What is -123444 (base 6) in base 14?
-4112
Convert 1713 (base 9) to base 6.
10020
Convert 210 (base 14) to base 13.
253
Convert -30011 (base 4) to base 9.
-1048
What is 2b61 (base 12) in base 2?
1001111111001
What is 1215 (base 9) in base 10?
905
Convert -2906b (base 12) to base 5.
-3311412
2bc7 (base 14) to base 4
1322023
111111001000110 (base 2) to base 14
bad0
Convert 1101000001011 (base 2) to base 14.
2603
What is 44a (base 13) in base 15?
343
Convert -4332 (base 5) to base 12.
-414
-399 (base 13) to base 12
-449
Convert -100101000 (base 2) to base 8.
-450
Convert 3210 (base 14) to base 9.
12757
6994 (base 10) to base 7
26251
410b (base 15) to base 2
11010110101000
40012 (base 7) to base 8
22615
Convert -1642 (base 9) to base 4.
-103211
What is 1220110 (base 3) in base 11?
1053
-2202202 (base 3) to base 13
-bc3
761 (base 8) to base 15
232
-27c0 (base 15) to base 14
-3157
70 (base 16) to base 10
112
What is -b89 (base 13) in base 2?
-11110110100
71d5 (base 14) to base 6
230411
-110001000110 (base 2) to base 5
-100032
Convert -22 (base 8) to base 4.
-102
Convert 289 (base 15) to base 3.
210110
What is -404166 (base 7) in base 4?
-100301121
Convert -24783 (base 11) to base 10.
-35544
What is 107 (base 11) in base 9?
152
Convert -b88 (base 13) to base 11.
-1532
Convert -1010020 (base 3) to base 14.
-424
2620 (base 12) to base 7
15444
-6ed1 (base 15) to base 11
-16801
17d (base 14) to base 10
307
What is 111102111 (base 3) in base 11?
7398
What is 1214123 (base 5) in base 3?
1011121021
33452 (base 6) to base 2
1001001101000
What is 22111 (base 5) in base 13?
90a
Convert 5344 (base 6) to base 8.
2300
-1171 (base 12) to base 4
-132211
Convert 1220222 (base 3) to base 9.
1828
What is 464 (base 8) in base 15?
158
-10002120 (base 3) to base 7
-6402
What is 100000010000011 (base 2) in base 13?
7695
Convert 207a (base 12) to base 4.
313132
Convert 1305 (base 6) to base 4.
11021
Convert 29a (base 14) to base 2.
1000010000
-b59c (base 16) to base 8
-132634
200102 (base 3) to base 9
612
Convert -1325 (base 6) to base 16.
-155
What is -1722 (base 9) in base 15?
-5cb
What is 20331201 (base 4) in base 15?
ad20
Convert -167 (base 9) to base 7.
-262
Convert -11662 (base 8) to base 3.
-20220202
-14502 (base 6) to base 12
-1432
What is -4875 (base 16) in base 10?
-18549
What is 2160 (base 9) in base 13?
957
What is -3 (base 13) in base 12?
-3
Convert 442 (base 10) to base 3.
121101
2675 (base 8) to base 12
a25
Convert -275 (base 16) to base 2.
-1001110101
What is 1b515 (base 14) in base 4?
100333133
1475 (base 8) to base 10
829
What is 12022 (base 3) in base 10?
143
Convert 204050 (base 6) to base 11.
113a1
Convert 2021120 (base 4) to base 7.
34430
-26c (base 15) to base 9
-673
Convert 3633 (base 7) to base 11.
1015
What is 1000111010101 (base 2) in base 13?
2102
Convert -3127 (base 14) to base 5.
-232323
Convert -4e74 (base 16) to base 8.
-47164
What is 10478 (base 16) in base 3?
10101110122
12 (base 3) to base 5
10
Convert 3535 (base 11) to base 12.
2824
1730 (base 12) to base 16
ad4
Convert 7479 (base 10) to base 3.
101021000
Convert 36ba (base 12) to base 16.
182e
What is -3433 (base 7) in base 13?
-751
62d4 (base 14) to base 12
9a42
Convert 1162 (base 8) to base 9.
765
-133522 (base 6) to base 13
-5900
-379b (base 14) to base 11
-7356
Convert 114 (base 9) to base 10.
94
Convert 15622 (base 7) to base 15.
14a1
Convert -6e (base 16) to base 11.
-a0
Convert 5044 (base 10) to base 7.
20464
What is 7535 (base 8) in base 11?
2a56
Convert -832 (base 9) to base 2.
-1010100101
10200100 (base 3) to base 16
a7a
What is 1687 (base 12) in base 6?
20251
705a (base 14) to base 8
45530
Convert 8623 (base 10) to base 11.
652a
What is 12361 (base 7) in base 8?
6315
What is -21122 (base 3) in base 10?
-206
What is -192 (base 15) in base 2?
-101101010
3641 (base 7) to base 8
2510
9d0 (base 15) to base 5
32340
10011110001100001 (base 2) to base 13
2ab33
-1434 (base 13) to base 15
-ce6
Convert -2722 (base 10) to base 12.
-16aa
-616 (base 9) to base 8
-765
846 (base 11) to base 3
1101201
Convert 411350 (base 6) to base 11.
22677
Convert 197 (base 15) to base 12.
267
What is a6a (base 15) in base 2?
100100101110
What is 2901 (base 11) in base 5?
110002
Convert 12a0 (base 11) to base 2.
11010010011
15cdb (base 14) to base 4
31112121
Convert -13675 (base 10) to base 6.
-143151
What is -1f77 (base 16) in base 13?
-3888
230 (base 11) to base 10
275
What is -1311 (base 8) in base 4?
-23021
-4230 (base 6) to base 11
-798
Convert -20120 (bas